n factor of q and k.
14
Let h be (-3 + 10)*90/21. Let k = 41 - 17. Calculate the highest common factor of k and h.
6
Let q(n) = n**2 - n - 23. Let c be q(-5). Let t(o) = -o**3 + 8*o**2 - 6*o + 18. Let z be t(c). What is the highest common divisor of 275 and z?
25
Let j(b) be the second derivative of b**3 - 4*b**2 + 19*b. Let p be j(2). Let k be 2/(-8) + (-25)/(-4). Calculate the greatest common factor of k and p.
2
Suppose 0 = -2*q + 3*p + 39, 2*q - 2*p + 78 = 5*q. Suppose 19*d = q*d - 460. Calculate the highest common factor of d and 23.
23
Suppose -5*c + 2*m = -42, -c - 2*m + 24 = 6. Let v be 4/(-18) - (-14)/63. Suppose v = a - 2. Calculate the greatest common factor of c and a.
2
Let a(d) = 24*d - 13. Let k be a(14). What is the greatest common divisor of k and 51?
17
Suppose 483 = -16*m + 2723. What is the greatest common divisor of 20 and m?
20
Let q(a) = 44*a - 7. Let p = -41 + 43. Let o be q(p). Let c = 108 + -54. Calculate the greatest common divisor of o and c.
27
Let d be (3 - (21/2 - -2))*-2. Suppose -2*v = 3*y - 266, 0*v + 2*y = 3*v - 399. What is the greatest common factor of v and d?
19
Let b = -65 + 131. Let r = -57 - -107. Let f = r - 6. What is the greatest common divisor of f and b?
22
Let l(s) = -4*s - 28. Let k be l(27). Let z be 1/2*(8 - 14) - k. Calculate the greatest common factor of z and 19.
19
Let f(r) = -r**3 + 9*r**2 - 8*r + 9. Let j be f(6). Let y = -141 + j. Let v be y/(-16) + (-6)/(-4). What is the greatest common divisor of v and 30?
6
Let b = 38 + 4. Suppose 9*z = 632 - 128. Calculate the greatest common divisor of z and b.
14
Suppose -5*i + 2*v + 291 = 0, 2*v = -8 + 2. Calculate the highest common factor of 76 and i.
19
Let y be -1 + 45*(-7)/(-21). What is the greatest common divisor of y and 1442?
14
Suppose -5*n - 3*d = -3*n - 132, 2*d = -n + 67. Suppose 2*w - 17 + 3 = 0. What is the greatest common divisor of n and w?
7
Suppose 4*i - 5*b - 1 = 8, 0 = -5*i - 3*b + 39. Suppose 0 = -i*t + t + 45. Let n(l) = -6*l. Let q be n(-1). Calculate the greatest common factor of q and t.
3
Suppose -3*m = 7*m - 650. Let q(v) = -8*v + 39. Let i be q(0). Calculate the highest common factor of i and m.
13
Let s be (0 - 0)*(-1 - 0). Suppose -o + 126 = -4*g + 959, s = 2*g - 2*o - 412. Calculate the highest common divisor of g and 19.
19
Let o(n) be the first derivative of n**4/4 - 20*n**3/3 + 41*n**2/2 + 22*n - 27. Let t be o(18). What is the greatest common factor of 16 and t?
16
Let p be (-5168)/(-153) + (-2)/(-9). What is the greatest common divisor of p and 153?
17
Suppose 54*m - 1692 = 7002. Calculate the greatest common divisor of m and 42.
7
Let t = 0 + 4. Suppose -11 = -t*a + 9. Let m = 3 + a. Calculate the highest common factor of m and 12.
4
Let v = 28 + -28. Suppose v = -5*h - q + 399, 2*h = 3*q - 5*q + 158. Calculate the highest common factor of 32 and h.
16
Suppose 0 = a + 2*a - 39. Suppose -817*p + 815*p = -130. What is the greatest common divisor of p and a?
13
Suppose -r + 20 = 19. Suppose 5*q - 9 - r = 5*d, 6 = -5*d + 4*q. Suppose -204 = -d*x - l - 2*l, -3*l + 12 = 0. What is the greatest common factor of 12 and x?
12
Suppose -100*o - 200 = -95*o. Let h be 2*5/20*(2 - o). What is the highest common divisor of h and 21?
21
Suppose 104 = -2*y + 284. Calculate the greatest common factor of 160 and y.
10
Suppose 81 + 185 = -2*g - 2*h, -3*g - 431 = -5*h. Let y = 247 + g. Let u = 82 + -38. Calculate the highest common divisor of y and u.
22
Suppose -14*c + 867 - 363 = 0. Let p be 5*6 + (1 - 3). Suppose -3*h = -100 + p. What is the greatest common divisor of h and c?
12
Let j = -26 + 66. Suppose j + 24 = 2*i. What is the highest common factor of 80 and i?
16
Let b be -2*-10*(-1)/4. Let i(p) = -p**3 - 7*p**2 - 9*p + 10. Let w be i(b). Calculate the greatest common divisor of 25 and w.
5
Let z(w) = -w**2 - 34*w - 33. Let i be z(-29). Calculate the greatest common factor of i and 14.
14
Suppose 4*n - 29 = 27. Let j(i) = i**3 + i**2 - i + 21. Suppose 3*y = -0*y. Let r be j(y). Calculate the highest common factor of r and n.
7
Let g = 31 + -10. Let f be ((-150)/(-9))/((-1)/3). Let a = -36 - f. Calculate the greatest common factor of a and g.
7
Let u = -45 - -130. Let b(f) = 5*f**2 + 7*f + 10. Let t be b(-3). What is the highest common factor of t and u?
17
Suppose -18 = -4*o + 5*n, -3*o - 2*n + 0*n = -2. Suppose o*l = -3*q + 9, -5*q - 5 = 5*l - 15. What is the greatest common factor of q and 2?
1
Suppose 3*p + 2 = 365. Suppose 3*l - p - 5 = 0. Suppose 196 = 2*o + l. Calculate the greatest common divisor of 7 and o.
7
Suppose 0 = 41*f - 31*f - 17280. Calculate the highest common divisor of 72 and f.
72
Let q(w) = -3*w - 11. Let n(i) = -2*i**2 + 10*i + 6. Let j be n(6). Let z be q(j). Let r be -77*-1*1/1. What is the highest common divisor of z and r?
7
Suppose 0 = w - g - 23, 26*g = 4*w + 24*g - 102. Let x(f) = -f**3 + 8*f**2 - 7*f - 2. Let i be x(6). What is the greatest common divisor of i and w?
28
Let l = 41 + -25. Let r(u) = -u**3 + 4*u**2 + 25*u + 2. Let c be r(6). What is the highest common divisor of c and l?
16
Let y(w) = w**3 - 2*w**2 + 4*w - 4. Let t be y(2). Suppose -5*j + 124 = 4*f, 3*f = t*j + 4 - 97. Calculate the highest common factor of 96 and j.
24
Suppose -9 = 3*x - 0*u + 3*u, -x - 4*u = -3. Let s = -52 + 61. Let d = x + s. Calculate the highest common factor of d and 12.
4
Let g be (9 - 9) + 14*1. Suppose 0 = 2*y, -g = -3*f - 5*y + 154. What is the highest common factor of 7 and f?
7
Suppose 4*j = 15*j - 814. Suppose -17 = -d - 4*g, 2*g + 2 - 23 = -3*d. Let v be (-2)/d + 1114/10. What is the greatest common factor of v and j?
37
Let c be 1 + 33 - (-3 - 3). What is the highest common factor of c and 16?
8
Let o be (-1)/(1 - (-126)/(-125)). Let u = o - 89. Suppose 432 = a + 7*a. What is the highest common divisor of u and a?
18
Let g be 5/2*88/(-55). Let p be ((-2)/2)/(g/48). Suppose 0 = -w + 2*w - 30. What is the highest common factor of w and p?
6
Let m(g) = 2*g**2 + 3*g + 2. Let i be m(0). Suppose i*p - 45 = -p. What is the highest common divisor of 6 and p?
3
Let v(i) = 10*i - 12. Let o be v(3). Let q(s) = 22*s**2. Let x = 8 - 5. Let n be q(x). What is the highest common factor of n and o?
18
Suppose 65 = -2*l - c, -5*l - 26 = 2*c + 135. Let z = 34 + l. Suppose -z*d - 27 = -5*d - 3*s, -4*d - 2*s = -58. What is the greatest common divisor of d and 10?
5
Let y = 238 - 8. Suppose -45*l + 46*l = y. What is the greatest common divisor of l and 10?
10
Suppose 0*w = 5*w - 560. Suppose 514 - 1554 = -65*c. Calculate the highest common divisor of w and c.
16
Suppose -t = 2, -3*n = 2*n - 3*t - 11. Let g = -1 + n. Suppose g = -5*o - 0*o + 320. What is the highest common divisor of o and 8?
8
Let d = -219 - -454. Calculate the greatest common factor of d and 141.
47
Let z be (-2 + 3)/(8/96). Suppose 3*q = z + 3, -31 = -3*h + q. Calculate the greatest common divisor of h and 3.
3
Let x be 455/3 + 4/12. Suppose -4*f = 4*p + 592, 0*p - 3*f + x = -p. Let w = -16 - p. What is the greatest common divisor of 19 and w?
19
Let l(f) = f**3 + 9*f**2 - 5*f - 2. Let b be l(-7). Let j = -109 + b. Calculate the greatest common factor of j and 88.
22
Suppose 49*g - 12 = 43*g. What is the highest common factor of g and 2?
2
Let z(s) be the second derivative of -5*s**3/6 + s**2/2 - 10*s. Let g be z(-11). Calculate the greatest common factor of g and 8.
8
Let w be (4/(-10))/(13/(-650)). What is the highest common divisor of w and 230?
10
Let i = -3 - 4. Let p = -3 - i. Calculate the greatest common divisor of 40 and p.
4
Suppose -779 = -4*h - 75. Let s(f) = f**2 + 14*f - 9*f - 4*f**2 - 14 - 3*f**2 + f**3. Let v be s(6). What is the highest common factor of h and v?
16
Suppose 5*j + 269 - 19 = 0. Let n be (j/15)/(3/(-54)). Calculate the highest common divisor of 12 and n.
12
Let s = 16 - 14. Suppose -s*d - 5*x + 38 = -d, x - 4 = 0. Calculate the highest common factor of d and 45.
9
Suppose -10*d + 288 = -412. Let g = 71 - d. Calculate the highest common divisor of 1 and g.
1
Let l be (-132 - 0)*(-1)/3. Suppose -l = -5*j + 1. Suppose 4*r + 5*p = 59 - j, r + 2*p = 11. What is the greatest common factor of r and 15?
15
Suppose 3 = -3*l - 6. Let u(b) = -b. Let f be u(l). Let r be f*(-1)/(-3) - -62. What is the greatest common diviso